{"id":6,"date":"2024-10-01T20:49:05","date_gmt":"2024-10-01T20:49:05","guid":{"rendered":"https:\/\/tnopc.pl\/?page_id=6"},"modified":"2024-10-02T18:14:41","modified_gmt":"2024-10-02T18:14:41","slug":"strona-glowna","status":"publish","type":"page","link":"https:\/\/tnopc.pl\/","title":{"rendered":"Strona g\u0142\u00f3wna"},"content":{"rendered":"\n<div class=\"wp-block-cover alignfull\" style=\"min-height:800px;aspect-ratio:unset;\"><span aria-hidden=\"true\" class=\"wp-block-cover__background has-background-dim-0 has-background-dim\"><\/span><img decoding=\"async\" class=\"wp-block-cover__image-background\" alt=\"\" src=\"https:\/\/tnopc.pl\/wp-content\/themes\/neve\/assets\/img\/starter-content\/neve-hero-2.png\" style=\"object-position:50% 72%\" data-object-fit=\"cover\" data-object-position=\"50% 72%\"\/><div class=\"wp-block-cover__inner-container is-layout-flow wp-block-cover-is-layout-flow\">\n<div class=\"wp-block-columns are-vertically-aligned-center is-layout-flex wp-container-core-columns-is-layout-9d6595d7 wp-block-columns-is-layout-flex\">\n<div class=\"wp-block-column is-vertically-aligned-center is-layout-flow wp-block-column-is-layout-flow\" style=\"padding-right:var(--wp--preset--spacing--20);padding-left:var(--wp--preset--spacing--20);flex-basis:65%\">\n<div style=\"height:80px\" aria-hidden=\"true\" class=\"wp-block-spacer\"><\/div>\n\n\n\n<h1 class=\"wp-block-heading has-text-align-left has-nv-text-dark-bg-color has-text-color\"><strong>Turystyka na obszarach przyrodniczo cennych<\/strong><\/h1>\n\n\n\n<p class=\"has-text-align-left has-nv-text-dark-bg-color has-text-color\" style=\"font-size:17px\">Poznaj najnowsze informacje z tematyki turystyki na obszarach przyrodniczo cennych. Odwied\u017a pi\u0119kne miejsca przy jak najmniejszym wp\u0142ywie na otoczenie.<\/p>\n\n\n\n<div class=\"wp-block-buttons is-horizontal is-content-justification-left is-layout-flex wp-container-core-buttons-is-layout-7e5fce0a wp-block-buttons-is-layout-flex\">\n<div class=\"wp-block-button is-style-primary\"><a class=\"wp-block-button__link has-text-color has-background has-link-color wp-element-button\" href=\"https:\/\/tnopc.pl\/about\/\" style=\"color:#0a2279;background-color:#ffffff\">Blog<\/a><\/div>\n\n\n\n<div class=\"wp-block-button is-style-secondary\"><a class=\"wp-block-button__link has-nv-text-dark-bg-color has-text-color has-link-color wp-element-button\" href=\"https:\/\/tnopc.pl\/?page_id=62\">Konferencja<\/a><\/div>\n<\/div>\n\n\n\n<div style=\"height:100px\" aria-hidden=\"true\" class=\"wp-block-spacer\"><\/div>\n<\/div>\n\n\n\n<div class=\"wp-block-column is-vertically-aligned-center is-layout-flow wp-block-column-is-layout-flow\">\n<figure class=\"wp-block-image size-full\"><img loading=\"lazy\" decoding=\"async\" width=\"418\" height=\"597\" src=\"https:\/\/tnopc.pl\/wp-content\/uploads\/2024\/10\/tnop_baner.png\" alt=\"\" class=\"wp-image-29\" srcset=\"https:\/\/tnopc.pl\/wp-content\/uploads\/2024\/10\/tnop_baner.png 418w, https:\/\/tnopc.pl\/wp-content\/uploads\/2024\/10\/tnop_baner-210x300.png 210w\" sizes=\"auto, (max-width: 418px) 100vw, 418px\" \/><\/figure>\n<\/div>\n<\/div>\n<\/div><\/div>\n\n\n\n<div class=\"wp-block-cover alignfull\" style=\"min-height:1197px;aspect-ratio:unset;\"><span aria-hidden=\"true\" class=\"wp-block-cover__background has-nv-light-bg-background-color has-background-dim-80 has-background-dim\"><\/span><div class=\"wp-block-cover__inner-container is-layout-flow wp-block-cover-is-layout-flow\">\n<div class=\"wp-block-group\"><div class=\"wp-block-group__inner-container is-layout-flow wp-block-group-is-layout-flow\">\n<div class=\"wp-block-columns is-layout-flex wp-container-core-columns-is-layout-9d6595d7 wp-block-columns-is-layout-flex\">\n<div class=\"wp-block-column is-layout-flow wp-block-column-is-layout-flow\" style=\"flex-basis:100%\">\n<h2 class=\"wp-block-heading has-text-align-center has-neve-text-color-color has-text-color has-link-color wp-elements-317390a6319ae707f0bccaea1469cfb0\"><strong>Dlaczego warto?<\/strong><\/h2>\n\n\n\n<div class=\"wp-block-group is-vertical is-content-justification-center is-layout-flex wp-container-core-group-is-layout-4b2eccd6 wp-block-group-is-layout-flex\">\n<p class=\"has-text-align-center has-neve-text-color-color has-text-color has-link-color wp-elements-39b9290c59fc19049c4c35ceb0fb8b67\">Turystyka na obszarach przyrodniczo cennych mo\u017ce dostarczy\u0107 niezapomnianych prze\u017cy\u0107 i wspomnie\u0144 na d\u0142ugie lata. Parki narodowe czy krajobrazowe wymagaj\u0105 jednak szczeg\u00f3lnej uwagi podczas zwiedzania. Odkrywanie dziewiczych krajobraz\u00f3w, obserwacja dzikiej fauny i flory oraz kontakt z natur\u0105 zapewniaj\u0105 wyj\u0105tkowe do\u015bwiadczenia, kt\u00f3re sprzyjaj\u0105 wyciszeniu, regeneracji oraz lepszemu zrozumieniu znaczenia ochrony przyrody. Tego typu turystyka cz\u0119sto wspiera lokalne spo\u0142eczno\u015bci, generuj\u0105c dochody z ekologicznych us\u0142ug i produkt\u00f3w, co sprzyja zr\u00f3wnowa\u017conemu rozwojowi region\u00f3w. Dodatkowo, odpowiedzialna turystyka zwi\u0119ksza \u015bwiadomo\u015b\u0107 ekologiczn\u0105, zach\u0119caj\u0105c odwiedzaj\u0105cych do dbania o \u015brodowisko i przyczyniaj\u0105c si\u0119 do ochrony najcenniejszych ekosystem\u00f3w.<br><\/p>\n\n\n\n<div style=\"height:0px\" aria-hidden=\"true\" class=\"wp-block-spacer wp-container-content-541a6b20\"><\/div>\n<\/div>\n<\/div>\n<\/div>\n\n\n\n<div class=\"wp-block-columns are-vertically-aligned-center is-layout-flex wp-container-core-columns-is-layout-9d6595d7 wp-block-columns-is-layout-flex\">\n<div class=\"wp-block-column is-vertically-aligned-center is-layout-flow wp-block-column-is-layout-flow\" style=\"padding-right:var(--wp--preset--spacing--30);padding-left:var(--wp--preset--spacing--30);flex-basis:50%\">\n<figure class=\"wp-block-image size-full has-custom-border\"><img loading=\"lazy\" decoding=\"async\" width=\"1020\" height=\"1458\" src=\"https:\/\/tnopc.pl\/wp-content\/uploads\/2024\/10\/tnopc_image.jpg\" alt=\"\" class=\"wp-image-34\" style=\"border-radius:16px\" srcset=\"https:\/\/tnopc.pl\/wp-content\/uploads\/2024\/10\/tnopc_image.jpg 1020w, https:\/\/tnopc.pl\/wp-content\/uploads\/2024\/10\/tnopc_image-210x300.jpg 210w, https:\/\/tnopc.pl\/wp-content\/uploads\/2024\/10\/tnopc_image-716x1024.jpg 716w, https:\/\/tnopc.pl\/wp-content\/uploads\/2024\/10\/tnopc_image-768x1098.jpg 768w\" sizes=\"auto, (max-width: 1020px) 100vw, 1020px\" \/><\/figure>\n\n\n\n<div style=\"height:24px\" aria-hidden=\"true\" class=\"wp-block-spacer\"><\/div>\n\n\n\n<h3 class=\"wp-block-heading has-text-align-center has-neve-text-color-color has-text-color\"><\/h3>\n\n\n\n<div style=\"height:40px\" aria-hidden=\"true\" class=\"wp-block-spacer\"><\/div>\n<\/div>\n\n\n\n<div class=\"wp-block-column is-vertically-aligned-center is-layout-flow wp-block-column-is-layout-flow\" style=\"padding-right:var(--wp--preset--spacing--30);padding-left:var(--wp--preset--spacing--30);flex-basis:50%\">\n<figure class=\"wp-block-image size-full has-custom-border\"><img loading=\"lazy\" decoding=\"async\" width=\"1020\" height=\"1458\" src=\"https:\/\/tnopc.pl\/wp-content\/uploads\/2024\/10\/tnop.png\" alt=\"\" class=\"wp-image-35\" style=\"border-radius:16px\" srcset=\"https:\/\/tnopc.pl\/wp-content\/uploads\/2024\/10\/tnop.png 1020w, https:\/\/tnopc.pl\/wp-content\/uploads\/2024\/10\/tnop-210x300.png 210w, https:\/\/tnopc.pl\/wp-content\/uploads\/2024\/10\/tnop-716x1024.png 716w, https:\/\/tnopc.pl\/wp-content\/uploads\/2024\/10\/tnop-768x1098.png 768w\" sizes=\"auto, (max-width: 1020px) 100vw, 1020px\" \/><\/figure>\n\n\n\n<div style=\"height:24px\" aria-hidden=\"true\" class=\"wp-block-spacer\"><\/div>\n\n\n\n<h3 class=\"wp-block-heading has-text-align-center has-neve-text-color-color has-text-color\"><\/h3>\n\n\n\n<div style=\"height:40px\" aria-hidden=\"true\" class=\"wp-block-spacer\"><\/div>\n<\/div>\n<\/div>\n<\/div><\/div>\n<\/div><\/div>\n\n\n\n<h2 class=\"wp-block-heading\">Najnowsze na blogu:<\/h2>\n\n\n\n<div class=\"wp-block-cover alignfull\" style=\"min-height:600px;aspect-ratio:unset;\"><span aria-hidden=\"true\" class=\"wp-block-cover__background has-nv-site-bg-background-color has-background-dim-100 has-background-dim\"><\/span><div class=\"wp-block-cover__inner-container is-layout-flow wp-block-cover-is-layout-flow\">\n<div class=\"wp-block-group\"><div class=\"wp-block-group__inner-container is-layout-flow wp-block-group-is-layout-flow\">\n<div class=\"wp-block-columns are-vertically-aligned-center is-layout-flex wp-container-core-columns-is-layout-9d6595d7 wp-block-columns-is-layout-flex\">\n<div class=\"wp-block-column is-vertically-aligned-center is-layout-flow wp-block-column-is-layout-flow\" style=\"padding-right:var(--wp--preset--spacing--30);padding-left:var(--wp--preset--spacing--30);flex-basis:50%\">\n<figure class=\"wp-block-image size-full has-custom-border is-style-default\"><img loading=\"lazy\" decoding=\"async\" width=\"1024\" height=\"1024\" src=\"https:\/\/tnopc.pl\/wp-content\/uploads\/2024\/10\/children_play.jpeg\" alt=\"\" class=\"wp-image-40\" style=\"border-radius:16px\" srcset=\"https:\/\/tnopc.pl\/wp-content\/uploads\/2024\/10\/children_play.jpeg 1024w, https:\/\/tnopc.pl\/wp-content\/uploads\/2024\/10\/children_play-300x300.jpeg 300w, https:\/\/tnopc.pl\/wp-content\/uploads\/2024\/10\/children_play-150x150.jpeg 150w, https:\/\/tnopc.pl\/wp-content\/uploads\/2024\/10\/children_play-768x768.jpeg 768w\" sizes=\"auto, (max-width: 1024px) 100vw, 1024px\" \/><\/figure>\n<\/div>\n\n\n\n<div class=\"wp-block-column is-vertically-aligned-center is-layout-flow wp-block-column-is-layout-flow\" style=\"padding-right:var(--wp--preset--spacing--30);padding-left:var(--wp--preset--spacing--30);flex-basis:50%\">\n<div style=\"height:20px\" aria-hidden=\"true\" class=\"wp-block-spacer\"><\/div>\n\n\n\n<h2 class=\"wp-block-heading has-text-align-left has-neve-text-color-color has-text-color\"><strong>Jak Wykorzysta\u0107 Naturalne Otoczenie do Kreatywnej Zabawy<\/strong><\/h2>\n\n\n\n<p class=\"has-text-align-left has-neve-text-color-color has-text-color\" style=\"font-size:17px\">Czy kiedykolwiek zastanawiali\u015bcie si\u0119, jak po\u0142\u0105czy\u0107 zabaw\u0119 na \u015bwie\u017cym powietrzu z ulubionymi zabawkami dziecka? Jak zach\u0119ci\u0107 maluchy do odkrywania przyrody i tworzenia niezwyk\u0142ych konstrukcji? Zapraszamy na wywiad z w\u0142a\u015bcicielk\u0105 sklepu internetowego z klockami <a href=\"https:\/\/klockosfera.pl\" title=\"\">klockosfera.pl<\/a>, w kt\u00f3rym postaramy si\u0119 odpowiedzie\u0107 jak urozmaici\u0107 w\u0119dr\u00f3wki z dzieckiem.<\/p>\n\n\n\n<div class=\"wp-block-buttons has-custom-font-size has-small-font-size is-content-justification-left is-layout-flex wp-container-core-buttons-is-layout-fdcfc74e wp-block-buttons-is-layout-flex\">\n<div class=\"wp-block-button has-custom-font-size is-style-default\" style=\"font-size:16px\"><a class=\"wp-block-button__link has-nv-text-dark-bg-color has-neve-link-color-background-color has-text-color has-background has-link-color wp-element-button\" href=\"https:\/\/tnopc.pl\/?p=73\">Czytaj wi\u0119cej<\/a><\/div>\n<\/div>\n<\/div>\n<\/div>\n\n\n\n<div class=\"wp-block-columns are-vertically-aligned-center is-layout-flex wp-container-core-columns-is-layout-9d6595d7 wp-block-columns-is-layout-flex\">\n<div class=\"wp-block-column is-vertically-aligned-center is-layout-flow wp-block-column-is-layout-flow\" style=\"padding-right:var(--wp--preset--spacing--30);padding-left:var(--wp--preset--spacing--30);flex-basis:50%\">\n<div style=\"height:20px\" aria-hidden=\"true\" class=\"wp-block-spacer\"><\/div>\n\n\n\n<h2 class=\"wp-block-heading has-text-align-left has-neve-text-color-color has-text-color\"><strong>Etykieta turysty na obszarach chronionych: Jak podr\u00f3\u017cowa\u0107 odpowiedzialnie?<\/strong><\/h2>\n\n\n\n<p class=\"has-text-align-left has-neve-text-color-color has-text-color\" style=\"font-size:17px\">Warto\u015bciowe przyrodniczo obszary przyci\u0105gaj\u0105 podr\u00f3\u017cnik\u00f3w jak magnes. To miejsca, kt\u00f3re oferuj\u0105 nie tylko spektakularne widoki, ale tak\u017ce niezwykle zr\u00f3\u017cnicowane i unikalne ekosystemy. Jednak wraz z t\u0105 popularno\u015bci\u0105 pojawia si\u0119 pytanie: jak mo\u017cemy cieszy\u0107 si\u0119 pi\u0119knem przyrody, jednocze\u015bnie j\u0105 chroni\u0105c?<\/p>\n\n\n\n<div class=\"wp-block-buttons has-custom-font-size has-small-font-size is-content-justification-left is-layout-flex wp-container-core-buttons-is-layout-fdcfc74e wp-block-buttons-is-layout-flex\">\n<div class=\"wp-block-button has-custom-font-size is-style-default\" style=\"font-size:16px\"><a class=\"wp-block-button__link has-nv-text-dark-bg-color has-neve-link-color-background-color has-text-color has-background has-link-color wp-element-button\" href=\"https:\/\/tnopc.pl\/?p=71\">Czytaj wi\u0119cej<\/a><\/div>\n<\/div>\n<\/div>\n\n\n\n<div class=\"wp-block-column is-vertically-aligned-center is-layout-flow wp-block-column-is-layout-flow\" style=\"padding-right:var(--wp--preset--spacing--30);padding-left:var(--wp--preset--spacing--30);flex-basis:50%\">\n<figure class=\"wp-block-image size-full has-custom-border is-style-default\"><img loading=\"lazy\" decoding=\"async\" width=\"1020\" height=\"1458\" src=\"https:\/\/tnopc.pl\/wp-content\/uploads\/2024\/10\/tnop_baner1.png\" alt=\"\" class=\"wp-image-49\" style=\"border-radius:16px\" srcset=\"https:\/\/tnopc.pl\/wp-content\/uploads\/2024\/10\/tnop_baner1.png 1020w, https:\/\/tnopc.pl\/wp-content\/uploads\/2024\/10\/tnop_baner1-210x300.png 210w, https:\/\/tnopc.pl\/wp-content\/uploads\/2024\/10\/tnop_baner1-716x1024.png 716w, https:\/\/tnopc.pl\/wp-content\/uploads\/2024\/10\/tnop_baner1-768x1098.png 768w\" sizes=\"auto, (max-width: 1020px) 100vw, 1020px\" \/><\/figure>\n<\/div>\n<\/div>\n\n\n\n<div style=\"height:40px\" aria-hidden=\"true\" class=\"wp-block-spacer\"><\/div>\n<\/div><\/div>\n<\/div><\/div>\n\n\n\n<div class=\"wp-block-cover alignfull\" style=\"min-height:300px;aspect-ratio:unset;\"><span aria-hidden=\"true\" class=\"wp-block-cover__background has-neve-link-color-background-color has-background-dim-100 has-background-dim\"><\/span><div class=\"wp-block-cover__inner-container is-layout-flow wp-block-cover-is-layout-flow\">\n<div style=\"height:58px\" aria-hidden=\"true\" class=\"wp-block-spacer\"><\/div>\n\n\n\n<div class=\"wp-block-columns is-layout-flex wp-container-core-columns-is-layout-9d6595d7 wp-block-columns-is-layout-flex\">\n<div class=\"wp-block-column is-layout-flow wp-block-column-is-layout-flow\" style=\"flex-basis:100%\">\n<div class=\"wp-block-group\"><div class=\"wp-block-group__inner-container is-layout-constrained wp-block-group-is-layout-constrained\">\n<p class=\"has-text-align-center has-nv-text-dark-bg-color has-text-color has-link-color wp-elements-20179d0db9b582a0a074c3bc06a14d14\">Turystyka na obszarach przyrodniczo cennych to tak\u017ce doskona\u0142a okazja do promowania zr\u00f3wnowa\u017conego stylu \u017cycia. Podr\u00f3\u017cowanie w takich miejscach uczy szacunku do natury, a jednocze\u015bnie ukazuje delikatn\u0105 r\u00f3wnowag\u0119 mi\u0119dzy cz\u0142owiekiem a \u015brodowiskiem. Tury\u015bci maj\u0105 mo\u017cliwo\u015b\u0107 bezpo\u015bredniego kontaktu z nieska\u017conymi krajobrazami, co cz\u0119sto prowadzi do g\u0142\u0119bszej refleksji nad wp\u0142ywem dzia\u0142alno\u015bci cz\u0142owieka na planet\u0119. W\u0142a\u015bciwie zarz\u0105dzana turystyka na tych terenach nie tylko chroni przyrod\u0119, ale r\u00f3wnie\u017c podnosi jako\u015b\u0107 \u017cycia lokalnych mieszka\u0144c\u00f3w, tworz\u0105c miejsca pracy zwi\u0105zane z ekoturystyk\u0105 i edukacj\u0105 ekologiczn\u0105, a tak\u017ce wspieraj\u0105c lokalne tradycje i kultur\u0119.<\/p>\n\n\n\n<p class=\"has-text-align-center has-nv-text-dark-bg-color has-text-color has-link-color wp-elements-860bd26821826b21a28c472250e844b6\">Turystyka na obszarach przyrodniczo cennych odgrywa r\u00f3wnie\u017c kluczow\u0105 rol\u0119 w zachowaniu bior\u00f3\u017cnorodno\u015bci. Poprzez \u015bwiadome i odpowiedzialne korzystanie z zasob\u00f3w przyrody, tury\u015bci wspieraj\u0105 ochron\u0119 gatunk\u00f3w zagro\u017conych oraz ekosystem\u00f3w, kt\u00f3re s\u0105 kluczowe dla r\u00f3wnowagi \u015brodowiskowej. Inicjatywy takie jak ograniczenie liczby odwiedzaj\u0105cych, ekologiczna infrastruktura turystyczna czy \u015bcie\u017cki edukacyjne pomagaj\u0105 minimalizowa\u0107 wp\u0142yw cz\u0142owieka na te tereny. W ten spos\u00f3b turystyka mo\u017ce sta\u0107 si\u0119 narz\u0119dziem ochrony przyrody, a jednocze\u015bnie zapewnia\u0107 odwiedzaj\u0105cym niezapomniane do\u015bwiadczenia i edukacj\u0119 w duchu ekologii.<\/p>\n<\/div><\/div>\n<\/div>\n<\/div>\n<\/div><\/div>\n","protected":false},"excerpt":{"rendered":"<p>Najnowsze na blogu:<\/p>\n","protected":false},"author":1,"featured_media":0,"parent":0,"menu_order":0,"comment_status":"closed","ping_status":"closed","template":"","meta":{"neve_meta_sidebar":"","neve_meta_container":"","neve_meta_enable_content_width":"on","neve_meta_content_width":100,"neve_meta_title_alignment":"","neve_meta_author_avatar":"","neve_post_elements_order":"","neve_meta_disable_header":"","neve_meta_disable_footer":"","neve_meta_disable_title":"on","footnotes":""},"class_list":["post-6","page","type-page","status-publish","hentry"],"aioseo_notices":[],"_links":{"self":[{"href":"https:\/\/tnopc.pl\/index.php?rest_route=\/wp\/v2\/pages\/6","targetHints":{"allow":["GET"]}}],"collection":[{"href":"https:\/\/tnopc.pl\/index.php?rest_route=\/wp\/v2\/pages"}],"about":[{"href":"https:\/\/tnopc.pl\/index.php?rest_route=\/wp\/v2\/types\/page"}],"author":[{"embeddable":true,"href":"https:\/\/tnopc.pl\/index.php?rest_route=\/wp\/v2\/users\/1"}],"replies":[{"embeddable":true,"href":"https:\/\/tnopc.pl\/index.php?rest_route=%2Fwp%2Fv2%2Fcomments&post=6"}],"version-history":[{"count":17,"href":"https:\/\/tnopc.pl\/index.php?rest_route=\/wp\/v2\/pages\/6\/revisions"}],"predecessor-version":[{"id":86,"href":"https:\/\/tnopc.pl\/index.php?rest_route=\/wp\/v2\/pages\/6\/revisions\/86"}],"wp:attachment":[{"href":"https:\/\/tnopc.pl\/index.php?rest_route=%2Fwp%2Fv2%2Fmedia&parent=6"}],"curies":[{"name":"wp","href":"https:\/\/api.w.org\/{rel}","templated":true}]}}